ime factors of u(y).
7
Let f(z) = 39*z - 1. Let y(i) = -2*i + 8. Let r(a) = f(a) - 5*y(a). Suppose 15 = 3*o - c, -4*o - c + 28 = -5*c. List the prime factors of r(o).
5, 31
Let x = -14836 - -21869. What are the prime factors of x?
13, 541
Suppose 25*a = 27*a - 4*w - 7560, 5*a - 18939 = -3*w. List the prime factors of a.
2, 3, 631
Suppose 35*d + 28*d + 21514 = 342373. What are the prime factors of d?
11, 463
Let n(j) = -55*j + 15. Let k be n(2). Let g = -113 + -22. Let x = k - g. What are the prime factors of x?
2, 5
Let l = -235 + 272. List the prime factors of 268 - l - 1*5.
2, 113
Let v = 163 - 160. What are the prime factors of 209*v*(-14 + (-552)/(-36))?
2, 11, 19
Let h = 33 - 20. Let q(y) = -14 - 28*y + 38*y + 41*y**2 - 25*y - 26*y**2 - y**3. What are the prime factors of q(h)?
3, 43
Let k(i) be the second derivative of i**4/12 + 13*i**3/6 - 92*i**2 + 16*i + 5. List the prime factors of k(17).
2, 163
Let o = -3530 - -5882. List the prime factors of o.
2, 3, 7
Let s be 202/4 + (-3)/6. Let m(v) = -23*v - 19. Let x be m(-3). Let b = x + s. What are the prime factors of b?
2, 5
Let w(l) = 1431*l - 1107. What are the prime factors of w(6)?
3, 277
Suppose 16 = 5*p - 2*b, -11 + 13 = -2*p - 2*b. What are the prime factors of 188 - p*(-7 + 8)?
2, 3, 31
Suppose -15*s + 16800 = -8*s. What are the prime factors of s?
2, 3, 5
List the prime factors of (-950)/380*38004/(-10).
3, 3167
Let r(p) = -p**3 - 3*p**2 + 5*p + 5. Let a be r(-3). Let j = 240 - a. Suppose -3*n + j = -8. List the prime factors of n.
2, 43
Let c(w) = -58*w**2 + 7710. What are the prime factors of c(0)?
2, 3, 5, 257
Let n be ((-4)/(-16))/((-1)/(-8)). Let b = n + -2. Suppose 4*d + 109 = h, b*h = h + 2*d - 133. List the prime factors of h.
5
Let h(w) = -w**2 + 15*w - 6. Let k be h(14). Suppose -5*c = c - k*c. Suppose c = -8*d + 2*d + 354. List the prime factors of d.
59
List the prime factors of -2*(-376918)/12 - -3*(-4)/(-36).
2, 3, 5, 349
Suppose -6 = -30*d + 114. Suppose -d*z = x - 1839, -z + 0*x + 436 = 5*x. List the prime factors of z.
461
Let i(j) = 2*j**3 + 3*j - 4. Let g be i(1). Let c be (36/2*g/3)/1. What are the prime factors of 5*3*(c - 2 - -5)?
3, 5
Let z be (-147828)/(-15) - 8/(-10). List the prime factors of 78/663 + z/34.
2, 5, 29
Let p(u) = -7*u - 4. Let j be p(-4). Suppose -29*i + j*i + 1925 = 0. What are the prime factors of i?
5, 7, 11
Let u = 31142 - 7289. List the prime factors of u.
3, 7951
Let v(d) = d**3 + 7*d**2 + 3*d + 3. Let x be v(-7). Let g be x/(-12)*(-160)/(-3). Suppose 0 = -h - k - 9 + 34, -5*h + 4*k + g = 0. List the prime factors of h.
2, 5
Suppose 0 = 41*i - 72*i + 347386. List the prime factors of i.
2, 13, 431
Suppose n - 22859 = i, 252*i = 249*i + 6. What are the prime factors of n?
22861
Let x(q) = -q**2 + 9*q + 8. Let u be x(10). Let s be (0/u)/(3*3/(-9)). Suppose 2*t + t - f = 146, -2*t - 5*f + 120 = s. List the prime factors of t.
2, 5
Suppose 3*x - 148*s = -152*s + 13138, 4*x + s - 17539 = 0. List the prime factors of x.
2, 3, 17, 43
Let f = -5871 + 7182. List the prime factors of f.
3, 19, 23
List the prime factors of -1*(-304518)/9 + -34*(-20)/1020.
2, 11, 769
Let s(g) = -2*g**2 - 3*g + 3. Let y be s(1). Let r be y/(-6) + 384/36. Suppose w = -r + 16. What are the prime factors of w?
5
Let a(y) = y + 13. Let c be a(-8). Suppose 0 = -2*d + 4*x, -2*d - x + c = -0. Suppose -456 = -8*k + d*k. What are the prime factors of k?
2, 19
Suppose 17566708 = 381*q + 6694620 - 9904223. List the prime factors of q.
3, 73, 83
Let d(j) = -28*j - 165. Let n be d(-6). Suppose 45*l - n*l - 14616 = 0. What are the prime factors of l?
2, 3, 29
Let v be (45/(-5) + 10)/((-2)/(-6)). Suppose 16*h - 1362 = 14*h - 4*w, -v*w = 6. What are the prime factors of h?
5, 137
Suppose 4*o = -2*b - 694, 6*o - 5*o + 4*b + 177 = 0. Let u = o + 175. List the prime factors of u.
2
Suppose 8 + 4 = 2*y. Suppose -y*o = -8*o + 700. Suppose 14*k = 9*k + o. What are the prime factors of k?
2, 5, 7
Suppose 4*f + 2*b + 16 = 3*b, 0 = b. List the prime factors of ((-19252)/(-20) - -10) + f/(-10).
7, 139
Suppose -5*x + 119 - 397 = -i, 3*i - 218 = 4*x. Let s = x - -46. List the prime factors of (-98)/(-4) + (-5)/s.
5
Suppose -186 + 216 = -10*k. List the prime factors of k + (-5 - 1170/(-7 - -2)).
2, 113
Let m = -380 - -26. Let a = -2 - m. List the prime factors of a.
2, 11
Let m(y) = y**3 + 9*y**2 + 20*y - 6. Let u be m(-5). What are the prime factors of 5 - u*(-740)/(-8) - 5?
3, 5, 37
Suppose -2*v + 2620 = g, v = 2*g - 5254 + 24. Suppose -q = -4*q - 4*h + 1960, 4*q + 4*h - g = 0. List the prime factors of q.
2, 41
Let t be 612/27 - (-2)/(-3). Let a = 115 - 98. Let n = t - a. What are the prime factors of n?
5
What are the prime factors of 267600/360*(-18)/(-4)?
3, 5, 223
Suppose -4911 - 4863 = -9*k. Suppose 0 = 3*b + 3*b - k. List the prime factors of b.
181
Let r = 47 - 45. Suppose 4*o = -4*h - 8, 3*o - 5 = -r*o - 2*h. Let u(p) = 2*p**3 - 4*p**2 - 2*p + 4. List the prime factors of u(o).
2
Let a = -59 + 58. List the prime factors of 238 + 10/5 - (0 - a).
239
Suppose 4*m + 5*w - 20 = 0, m + 5*w = 7*w - 8. Suppose m = -32*g + 23*g + 4185. List the prime factors of g.
3, 5, 31
Let y(z) = -90*z + 94*z - 10 + 47 - 5 + 37 + 23*z**2. What are the prime factors of y(-8)?
3, 503
Suppose 10*p = 22889 - 6779. Suppose 2*u = 2*d + 1606, -3*u + u + 3*d = -p. List the prime factors of u.
2, 3, 7, 19
Suppose 1850*g - 1864*g = -40474. List the prime factors of g.
7, 59
Let c(j) = j**3 - 25*j**2 - 24*j - 35. Let p be c(26). What are the prime factors of 4 - -6*p - (1 + 3)?
2, 3, 17
Let x = 11497 - -3710. List the prime factors of x.
3, 37, 137
Suppose -3*b = -2*y - 20, -3*y - 8 = 4*b - 3*b. Suppose -b*h + 22 = u, 27 = 4*u + 5*h - 39. Let d = 81 - u. List the prime factors of d.
67
Let n be 88/15 + 12/90. Suppose -n*t + 13*t = 3647. What are the prime factors of t?
521
List the prime factors of (150 + 10)/10 + 3318.
2, 1667
Let k(i) be the second derivative of 3*i**5/20 + i**4/12 - i**3/2 - 3*i**2/2 - 9*i - 10. List the prime factors of k(5).
2, 191
Let p(h) = 436*h - 2. Let u be p(2). Suppose 3*m + u = 5*m. What are the prime factors of m?
3, 5, 29
Let l(n) = n**3 - 6*n**2 + 10*n - 120. Let h be l(7). What are the prime factors of -4 + h + 20/(-20) + 204?
2, 3, 11
Let l(j) = -3*j**3 + 8*j - 2*j**3 - 21*j + 6*j**3 + 13 + 44*j**2. What are the prime factors of l(-44)?
3, 5, 13
Let l(o) = 25*o - 39. Let c be l(5). Let s(x) = -71*x**2 + 1. Let b be s(-1). Let a = c + b. List the prime factors of a.
2
Let j(c) = -11 + c**3 + 16*c - 20*c**2 + 0*c**3 + 2*c**2. Let u be j(17). What are the prime factors of 8/u - 942/(-14)?
67
Suppose 634*w = 635*w - 2. Suppose -w*q = -4*t + 2*t + 194, -3*q - 105 = -t. What are the prime factors of t?
3, 31
Let i(q) = -2*q**3 + 2*q + 1. Let r be i(-1). Suppose c - 29 = 3*s, -c - 2*s = -55 + r. What are the prime factors of c?
2, 11
List the prime factors of (36465/26)/(-85)*((-2776)/6 + 0).
2, 11, 347
Let x = 1513 + -796. Suppose -12*w = -9*w + x. Let s = -75 - w. List the prime factors of s.
2, 41
Suppose 0 = -2*w - 6, w - 2 = 4*v - 13. Suppose 4*m - 5*l = -v*l + 1615, m = -4*l + 418. What are the prime factors of m/3 + -1 + 22/33?
3, 5
Let h = 520 - 514. Let f(u) = 14*u**2 + 47*u - 15. What are the prime factors of f(h)?
3, 257
Suppose -2*o - 36038 = -2*d, -17998 = 4*d - 5*d - 2*o. What are the prime factors of d?
2, 3, 19, 79
Suppose 71*m - 8713 = -f + 70*m, 4*f - 34849 = -3*m. What are the prime factors of f?
2, 5, 13, 67
What are the prime factors of (-8)/(24/(-15)) + 26192/4?
6553
Suppose p - 7319 = -4*b, -54 = 5*b - 64. What are the prime factors of p?
3, 2437
Suppose -733695 = -15*x + 4*v, -3046 = x - 3*v - 51959. List the prime factors of x.
41, 1193
Suppose 3*q - 110 + 80 = 0. Let b be (-14)/5*-1*55. Suppose q*g = 8*g + b. List the prime factors of g.
7, 11
Let c be -5 - (4*1 + (4 - 11)). List the prime factors of c/(-9) - (-783)/(-243) - -119.
2, 29
Let j = 146 - 141. Suppose -4*c = 7*h - 6*h - 1765, 2*h + 2216 = j*c. What are the prime factors of c?
2, 13, 17
Suppose o = 2*o - 9. Let b be 18540/54*(-6)/(-5). Suppose -o*s = -7*s - b. What are the prime factors of s?
2, 103
List the prime factors of 3 + 26960 - (50 + -33).
2, 3, 499
Let d(i) = -4*i - 71. Let l be d(6). L